 = -12 + 20. Let l(f) = f**2 + 13*f - 17. Let s be l(h). Suppose -3*i + s = 43. What is the tens digit of i?
3
Let l(n) = 18*n**2 + 1086*n + 189. What is the tens digit of l(-77)?
8
Suppose -5*w + 4*u = -2*w + 51, 0 = -3*w + 2*u - 45. Let n be -2 - -4 - (-1547)/w. What is the tens digit of ((-58)/3)/(26/n)?
8
Let o(n) = 576*n - 941. What is the tens digit of o(3)?
8
Suppose -5*j = -3*j - 8. Let r(i) = -i**3 + 12*i**2 + 34*i - 53. Let b be r(14). What is the tens digit of (-5)/(-20)*b*j?
3
What is the units digit of 244/(-3050) - 176377/(-25)?
5
Let n = -3284 - -5150. Suppose -264*w + n = -261*w. What is the hundreds digit of w?
6
Let t = -258 - -261. Suppose -4*h + 772 + 1964 = 5*z, -t*z - 4*h = -1640. What is the tens digit of z?
4
What is the hundreds digit of (7722/(-8) + -3)*(-924)/99?
0
Suppose 21*n - 60 = 9*n. Suppose -4*m + 9*m = n. What is the units digit of ((78/9)/(-1))/(m/(-9))?
8
Let h = -106 - -124. What is the tens digit of (h - (-4 - -4))/((-4)/(-8))?
3
Suppose -4*t - 498584 + 166392 = -4*w, 4*t - 20 = 0. What is the tens digit of w?
5
Let m be -1*1*-13*(-94)/(-94). Suppose -331 = m*y - 7702. What is the tens digit of y?
6
Suppose 5*r + 1289 = -91. Let j = -125 - r. What is the tens digit of j?
5
Let z(f) = f**3 + 12*f**2 + 3*f + 30. Let t be z(-12). Let k be 1/3 + (-3 - (-944)/t). What is the tens digit of k*4/16*-2?
8
Let u = 1801 + 3511. What is the units digit of u?
2
Let y(o) = 9*o + 20. Let m be y(0). Suppose 21*n - m*n - 4 = 0. Suppose 190 = n*i - 418. What is the units digit of i?
2
Suppose 0 = -4*z + 8*z + 672. Suppose 6*a - 10 = 4*a. Let y = a - z. What is the tens digit of y?
7
Let x = -565 + 538. Let s(m) = 3*m**2 + 43*m - 42. What is the units digit of s(x)?
4
Suppose -13*g = 5*s - 10*g - 25779, 3*g = -s + 5163. Suppose 15*o - s = 9*o. What is the hundreds digit of o?
8
Let p(z) = 2*z**2 - 24*z + 27. Let u be p(11). Suppose -u*s + 874 = -3*s + 4*r, 4*r = 0. What is the units digit of s?
7
Suppose 7*m + 46 = -234. Let f = m + 42. Suppose 100 = w + 3*b, -f*w - 472 = -7*w - b. What is the units digit of w?
4
Suppose -3*o + 4 = -98. Let v = 39 - o. Suppose -58 = -z - s, -94 = -z + v*s - 18. What is the tens digit of z?
6
Let o be (-116156)/30 + (-14)/105. Let x = 5527 + o. What is the thousands digit of x?
1
Let y(x) = 670*x + 259. What is the tens digit of y(10)?
5
Suppose 94166 = 10*h + 58*h - 361706. What is the units digit of h?
4
Suppose 0*g - 731 = -4*l + g, -g + 1 = 0. Let x = l - -15. What is the units digit of 0 + 2 + 1*x?
0
Let q(b) = -778*b**3 - 7*b**2 - 7*b - 4. Let d be q(-2). Suppose 0 = -6*x + 94 + d. What is the tens digit of x?
5
Suppose 2*q = -4*f + f + 30, 0 = -3*f + 2*q + 30. Let i(o) = -1515 + 22*o + 744 + 732. What is the tens digit of i(f)?
8
What is the ten thousands digit of -11 + (-2627240)/(-36) + (2 - (-51)/(-27))?
7
Let g(u) = 5. Let q(s) = 386*s**2 - s + 29. Let x(i) = -6*g(i) + q(i). What is the units digit of x(1)?
4
What is the ten thousands digit of (-719920)/24*(8 - (-8 - (-688)/40))?
3
Let d be (16/24)/((-4)/(-102)). Suppose 3*q - 1367 = -2*g, g = 15*q - d*q + 684. What is the hundreds digit of g?
6
Let q(v) = 3*v**2 - 11*v - 14. Suppose -12*x = 2*x - 112. What is the tens digit of q(x)?
9
What is the hundreds digit of (-122336)/(-24)*((-24)/16 + 6)?
9
What is the tens digit of 27567 - 14*(14*(-1)/(-4))/7?
6
Let s(m) = m**2 - 21*m - 273. Let y be s(-14). Suppose -5*n + 298 = 4*l - 43, -3*l = -4*n - y. What is the units digit of l?
9
Let q(x) = 2685*x + 250. What is the ten thousands digit of q(4)?
1
Let v be 6/16 + -2*1500/(-192). Let a = 1491 - v. What is the thousands digit of a?
1
Let n(h) be the second derivative of -10*h**3/3 - 4*h**2 + 44*h. Let d be n(-1). What is the tens digit of ((-2)/(16/84))/((-2)/d)?
6
Let t = 195 + -118. Let q be 22 - (48 + -45 + 4*1). Let j = t - q. What is the units digit of j?
2
Suppose 0 = 4*m + 35 - 27. Let w be -4*m/8 + 179. Suppose 0 = -5*t + w. What is the units digit of t?
6
Suppose -27*n + 27696 = -77226. What is the tens digit of n?
8
Suppose -2*v = -4*w, 7*v + w - 33 = 2*v. Suppose 6*u = 4*u + v. What is the tens digit of 22/33 + 151/u?
5
Suppose 0 = 2*x + 2*x + 1552. Let c be (-8)/(-44) - x/44. Suppose 0 = -0*t + t - c. What is the units digit of t?
9
Let h = -5 - -4. Let f be h/(-4) + (-876)/(-16). Suppose -23*k + 24*k = f. What is the units digit of k?
5
Let o = 45 + -90. Let m be -3*((-4)/6 + 0). What is the tens digit of m/(-3) + (-1020)/o?
2
Suppose -49*l + 48*l - 6764 = -g, -2*g + 13549 = 5*l. What is the hundreds digit of g?
7
Suppose 0 = 4*a + 2*l - 9264, -4*a - a + l = -11594. What is the tens digit of a?
1
Suppose 0 = -3*l + 2*i + 15, -4*l + 0*l = -4*i - 20. Suppose -3*m = -m + u + 192, -301 = 3*m - l*u. Let f = -40 - m. What is the tens digit of f?
5
Let n be (-12 - -13) + (-202)/(-1). What is the hundreds digit of n - (10 + -5) - -1?
1
Suppose 5*g + 110 = -820. Let q = -27 - g. Let r = q - 49. What is the tens digit of r?
1
Suppose -5*d - 5 = -125. Suppose d*i = 15*i + 2421. What is the hundreds digit of i?
2
Let j = -5564 - -12156. What is the thousands digit of j?
6
Let p be 48/(-88) + (-21020)/22. Let n = p + 1541. What is the hundreds digit of n?
5
Suppose -4*c + 4*v + 333532 = 0, 71*v - 416963 = -5*c + 68*v. What is the hundreds digit of c?
3
What is the tens digit of 8828/(-1)*1554/(-296)?
4
Let q = -605 - -599. What is the units digit of ((-39)/(-26))/((-6)/(-448)) - q?
8
Suppose 12*s - 539 + 1511 = 0. Let l = 246 - s. What is the hundreds digit of l?
3
Suppose w - 601 = -6*d + 2*d, 12 = 3*d. Suppose 5*j - w = v, -2*j + 5*v + 261 = 10*v. What is the tens digit of j?
1
Suppose 28 = n + 27. Let q = 25 + 6. Let i = q + n. What is the tens digit of i?
3
Let t(i) be the third derivative of -1187*i**4/24 + 2*i**3/3 - 104*i**2 + i. What is the hundreds digit of t(-1)?
1
Suppose -4*r + 2*p + 1994 = 0, -p = -2*p - 1. Suppose 3*o - 3*f - r = 0, -9*o = -4*o + 2*f - 844. What is the units digit of o?
8
Suppose 0 = z - 0*z + 3. Let l be -45*(-4 - (0 + z)). Suppose 3*j + l = 249. What is the units digit of j?
8
Let a(i) = -i**3 + 2*i**2 + 5*i + 2. Let z be a(-2). Suppose -9*o + z*o - 4 = 0. What is the units digit of (2 - 2) + (-3 - o)*27?
7
Let l be (-16)/(-152) - 849/(-57). Suppose -l*s + 26092 = 8887. What is the units digit of s?
7
Suppose -3*f - 39 = 3*x, -8*f - 53 = 4*x - 5*f. Let w(i) = i**2 + i + 6. Let k be w(0). What is the units digit of k*3/(-12)*x?
1
Let f = 240 - 236. What is the units digit of ((-6)/(-7))/(f/1008)?
6
Let l = 586 + -581. Suppose t + l*x - 1938 = 0, 0*t - 2*x - 1931 = -t. What is the thousands digit of t?
1
Suppose 4*c = 3*m - 0*c - 6624, -4405 = -2*m - c. Suppose 0 = 5*u + 3*k - m, u + 2*k - 220 = 218. What is the hundreds digit of u?
4
Suppose 100*h - 2755542 = -802393 + 387051. What is the hundreds digit of h?
4
Let p(a) = a**3 + 3*a**2 - 2*a - 4. Let m(j) = 4*j + 13. Let s be m(-4). Let i be (4 + s + 2 - 0) + 1. What is the units digit of p(i)?
0
Let i be ((-42)/(-9))/(-7)*-3. What is the tens digit of 1*785 + 0*i/(-18)?
8
Let b(h) = h**2 - 21*h - 129. Let t be b(26). What is the hundreds digit of (-209 - t)*(-385)/110?
7
Let v(i) be the second derivative of i**4/12 + i**3/6 - 5*i**2/2 + 846*i. Suppose -r + 41 = -5*n, -4*n - 3*r - 42 = -13. What is the tens digit of v(n)?
5
Suppose -2 = -2*w - 3*i - 4, -4*i - 21 = -w. Suppose 115 = -2*a + 3*q, 6*a + w*q = 2*a - 175. What is the units digit of 3 + a*(-3)/2?
8
Let f be (0 - (-3)/(-12))*-8. Suppose f*x - 1463 = 3*d, -6*d = 4*x - 11*d - 2923. What is the tens digit of x?
2
Let r = 250 - 246. Suppose -3*h - r*v + 1366 + 142 = 0, 5*h - 2504 = -2*v. What is the tens digit of h?
0
Let n(f) = -2*f**2 + 33*f - 31. Let r be n(21). Let k = 262 + r. What is the tens digit of k?
4
Let y = -387 - -661. Suppose 4*x + 0*j - y = 2*j, 5*j = -2*x + 119. Suppose 5*p - x + 2 = -o, -61 = -4*p + o. What is the units digit of p?
4
Let u = -2473 - -21483. What is the hundreds digit of u?
0
Suppose -4 = -j, 5*b + 40*j - 28315 = 35*j. What is the tens digit of b?
5
Suppose 5*b + 3*m - 473 = 0, 5*b - 10 = 3*m + 487. Suppose 0 = -3*q - 442 + 385. Let y = q + b. What is the units digit of y?
8
What is the hundreds digit of (-133 - -131)/(3 - 468860/156284)?
0
Let f be 13/78 + (-